hat is the tens digit of l?
6
Let p = -322 - -323. What is the units digit of -18*p*146/(-6)?
8
What is the hundreds digit of 26679 - -13 - (-192)/16?
7
Suppose 0 = -4*a - 111 - 41. Let x = 248 + a. What is the tens digit of x?
1
Let k = -3333 + 28891. What is the hundreds digit of k?
5
Let n(s) = 22*s + 6. Let f be n(-2). Let m = 32 + f. What is the tens digit of m/33 - ((-6704)/22)/4?
7
Suppose 5*l - 111763 = -n, 7*l - n - 153198 = 3275. What is the units digit of l?
3
Suppose 2*j + 245 = a - 436, 4*j = -3*a - 1387. Let y = j - -489. Suppose -2*k = 2*x - y, -x - 3*k + 70 = k. What is the tens digit of x?
7
Suppose 0 = 14*p - p - 16523. Let a = 1847 - p. What is the tens digit of a?
7
Let y be 2/13 + (800/(-52))/(-4). Suppose -2*m - 2*m - 3888 = -y*z, 960 = z + 2*m. What is the units digit of z?
8
Let k(a) = -9*a - 17. Let n be k(-2). What is the tens digit of 251 + n/(-1) + 4?
5
Suppose 0 = 3*d - 4*h + 18, d - 3*h = -0*h - 6. Let w(r) = 2*r - 13. Let g be w(8). What is the tens digit of (86/d)/(-1)*g?
4
Suppose t - 2 = 0, -1 = d + t - 3. Suppose 32*j + 1322 - 8010 = d. What is the tens digit of j?
0
Suppose -35057 = -4*j + 3*v, 66*v = -3*j + 67*v + 26294. What is the thousands digit of j?
8
Suppose -3*r = 4*x - 25, 5*x + 2 = 4*r + 10. Let t = -28 - -43. What is the units digit of 4335/t - x/(-2)?
1
Let i(z) = -z**3 + 15*z**2 - 6*z + 2. Let v be (-4)/(-2) + (-5 - -7). Let r be i(v). What is the tens digit of (-4)/4 - r/(-2)?
7
Let k = -7811 + 32680. What is the hundreds digit of k?
8
Suppose 384*b - 330*b = 1507090 - 149098. What is the thousands digit of b?
5
Suppose -4*o = -5*o. Suppose 9*n + 1157 - 6746 = o. What is the hundreds digit of n?
6
Let c be ((-6)/9)/((-30)/(-68805)). What is the units digit of (-4 + c)/(-7) - (-4 + 1)?
2
Suppose -o - 2*o + 470 = -z, 3*o - 4*z - 458 = 0. Suppose 0 = -5*y - 2*r + 206, 0 = -3*y - 4*r + o - 40. Suppose -y - 434 = -4*i. What is the tens digit of i?
1
Suppose -14*r + 2*i = -9*r - 17964, -3*i - 17961 = -5*r. What is the units digit of r?
4
Let u(z) = z**3 + z. Let x(m) = 4*m**3 + 20*m**2 - 19*m - 12. Let t(a) = 5*u(a) - x(a). Let o be t(19). What is the units digit of o/3 - (-2)/6?
6
Let i(c) = -6*c - 2. Let k be i(3). Let t(z) be the third derivative of -z**6/120 - 7*z**5/20 - 7*z**4/8 - z**3/3 - 71*z**2. What is the tens digit of t(k)?
1
Let v be (-1843 + -4 + 3)/(2*-1). Suppose 4*q = -o + v, -o + 894 = -q - 2*q. Suppose 15*n - 18*n = -o. What is the hundreds digit of n?
3
Let u = -86 + 86. Suppose -19 = -2*n - 3*x + 2*x, u = 5*n - 2*x - 52. What is the units digit of (-7911)/(-45) - (-2)/n?
6
Suppose 6 + 29 = 7*j. Suppose 3*b + 42 = 2*i - b, j*b + 80 = 5*i. Let q(o) = o + 32. What is the tens digit of q(i)?
4
What is the hundreds digit of 14 - 2639/26*-606?
5
Let n(z) = z**3 - 29*z**2 + 8*z + 2. Suppose -232 = 2*a - 10*a. What is the hundreds digit of n(a)?
2
Let d be (0 + -2 - -2) + -2 - -4. Suppose -5*r + 69 = -3*n - 131, d*r = 3*n + 71. Suppose 2*j - 303 + r = 0. What is the tens digit of j?
3
Let t(w) be the third derivative of w**5/30 - w**4/6 + 473*w**3/6 + 38*w**2. What is the hundreds digit of t(0)?
4
Let r = 1175 - 687. Suppose 4*b = 4*s - 5*s + r, -4*s = -4*b - 1852. What is the tens digit of s?
6
Let w(f) = -f**3 - 5*f**2 - f + 7. Let h be w(-4). Let r be (-81)/6*(h + 3). Let n = r + 100. What is the tens digit of n?
2
Let d(y) = -2*y**3 + 3*y**2 - 5. Let z be d(2). Let j(p) = -36*p + 55. Let w be j(z). Let l = w - 144. What is the tens digit of l?
3
Let d = 246 + -242. Suppose d*t + 19 = 5563. What is the tens digit of t?
8
Let b(m) = 201*m**2 - 67*m - 191. What is the thousands digit of b(-19)?
3
Let h = -17421 + 32739. What is the units digit of h?
8
Let p be (-215)/(-8) + (-6)/(-48). Let s = p - 9. What is the units digit of s - -59 - (1 - 3 - -3)?
6
Suppose 19*k - 134253 + 110334 = 327980. What is the thousands digit of k?
8
Suppose 65*l - 231578 = 1085257. What is the tens digit of l?
5
What is the ten thousands digit of (14 - -132)*((-4)/24)/((-3)/1827)?
1
Suppose 20 = 4*a - 5*p, -4*a + 58 - 14 = p. Suppose 5*j = -a, -5*j = -s - j + 117. Let z = 172 - s. What is the units digit of z?
3
Suppose -37179 - 68742 = -140*z - 4141. What is the tens digit of z?
2
Suppose -2037 - 558 = -5*z. Suppose b = -4*x + z, 0 = 3*b - 2*x - 591 - 896. What is the tens digit of b?
9
Let a(n) = -2*n + 17. Let c = -65 + 82. Let d be a(c). Let k = d - -60. What is the tens digit of k?
4
Suppose 4*z = -r - 3*r + 40, -5*z + 40 = 4*r. Let t be (-1 + 9/6)*r. Suppose 0 = -4*y - t*a + 24, -4*y = -a + 3*a - 24. What is the units digit of y?
6
Let f = 1908 - 3. What is the units digit of f?
5
Suppose 9*u - 669 = 1158. Suppose -u = -3*p + 1123. What is the units digit of p?
2
Let a(t) be the second derivative of -7*t**3 + 6*t**2 + 11*t. Let q be a(4). What is the units digit of 2 + ((-2)/(-6) - 1)*q?
6
Let l(h) be the second derivative of 113*h**4/12 + 11*h**3/3 + 23*h**2/2 - 2*h + 30. What is the units digit of l(-1)?
4
Let a = 6695 - 6255. What is the tens digit of a?
4
What is the tens digit of (-4 + 10)*(-6*(-2085)/12 - 2)?
4
What is the units digit of ((-2872)/(-24))/(((-4)/(-1))/60)?
5
Suppose 465 = 5*l + l - 31017. What is the tens digit of l?
4
Let i be -3 - 569/((-2)/(-20)*5). Let r = i - -2440. What is the tens digit of r?
9
Suppose -o + 7395 = 3*x, 89 = -5*x + 99. What is the tens digit of o?
8
Let c = 28 - 17. Suppose -c*l = -12*l - 2. What is the units digit of (606/3)/(0 - 1*l)?
1
Let c(x) = -4*x - 6. Suppose -8 = -5*z - 38. Let m be c(z). Suppose -m - 57 = -j. What is the tens digit of j?
7
Let m(s) be the third derivative of s**4/8 + 2*s**3/3 - 152*s**2. Suppose -4*g = 5*i - 0*g - 47, -g = -5*i + 57. What is the units digit of m(i)?
7
Let y = -41447 - -64978. What is the hundreds digit of y?
5
Let d be ((-9)/(54/(-12)))/((-3)/(-156)). Suppose -99*x + d*x = 3115. What is the hundreds digit of x?
6
Let q(g) = 3*g**3 - 131*g**2 + 37*g - 7. Let u(j) = -j**3 + 65*j**2 - 19*j + 4. Let p(l) = 3*q(l) + 7*u(l). What is the units digit of p(-31)?
9
Suppose 2*i + 15 = 5*i. Let y = 7 - i. Suppose 0 = -2*u + y*g + 178, 0 = 4*u + 2*g + 2*g - 364. What is the tens digit of u?
9
Suppose -5*i = -5 - 10. Suppose 0 = i*o - 2*o - 19. Suppose -2*n + 113 = o. What is the units digit of n?
7
Suppose -6*z + 11*z - 14958 = -4*x, -7458 = -2*x - 6*z. What is the units digit of x?
7
Let a(o) = 4921*o**3 + o. Let u be a(1). Suppose 5*t = 4*r - u, 10*t - 9*t = 2. What is the thousands digit of r?
1
Let g = 39 - 178. Let c = g + 491. What is the tens digit of c?
5
Let u(t) = t**3 + 15*t**2 + 13*t - 14. Let q be (20 - -1)*8/12*-1. Let n be u(q). Suppose n = l + 4*r - 51, 5*l + 0*r = 5*r + 205. What is the units digit of l?
3
Let f = 19736 + -3284. What is the hundreds digit of f?
4
Suppose -2*r + 8 = 3*p - 21, 2*r = 3*p + 35. Let d = -16 + r. Suppose -3*q + 4*i - 5*i + 203 = d, -4*i - 208 = -3*q. What is the tens digit of q?
6
Let r(b) = 36*b**2 + 2106*b + 4. What is the ten thousands digit of r(-64)?
1
Let u be 42/(((-5)/(-60))/(2/18)). Suppose 0 = 57*n - u*n - 401. What is the tens digit of n?
0
Let u(l) = -7*l**3 - 4*l**2 - 311*l + 48. What is the thousands digit of u(-16)?
2
Let i = -19228 + 32461. What is the ten thousands digit of i?
1
Suppose -4*h - 20 = -4*i - 0*h, 0 = -i + 3*h - 1. What is the tens digit of ((-516)/i)/(6/(-8))?
8
Let g(u) = 103*u**2 - 4*u - 4. Suppose -8*o + 4*o - 3*r + 28 = 0, 4*o - 5*r - 28 = 0. Suppose -4*i - 11 + o = 0. What is the tens digit of g(i)?
0
Let o(m) = 2098*m - 15. Let k be o(1). Suppose -6*b + 1319 = -k. What is the tens digit of b?
6
Suppose -2*k + 16 + 8 = -5*d, d - 2 = -3*k. Let o(q) = 0*q**2 + 7 - 2*q - 4*q - q**2. What is the tens digit of o(d)?
1
Let o be ((-10)/30)/(2/(-24)). Suppose -2*x = -o*x + 8. Suppose 4*j = 2*j - 4, 5*k + x*j = 672. What is the hundreds digit of k?
1
Suppose 98*v + 1701420 = 238*v. What is the thousands digit of v?
2
Suppose 5*c + 5*t - 2905 = 0, 2*c - 845 = -3*t + 318. Suppose 4*f + 85*v - 560 = 89*v, -c = -4*f - v. What is the units digit of f?
4
What is the tens digit of 229288/14 - (1032/(-84) + 13)?
7
Let k be 24176/7 + (-14 - 600/(-42)). What is the tens digit of k/((8/(-10))/((-4)/10))?
2
Let t(w) = -7*w**3 + 9 - 3*w**2 + 0*w - 7*w**3 - 12 - 2*w.